{"id":1176,"date":"2015-04-21T18:06:53","date_gmt":"2015-04-21T18:06:53","guid":{"rendered":"http:\/\/www.kungfu-boxerclub.de\/wordpress\/?page_id=1176"},"modified":"2017-10-05T14:27:18","modified_gmt":"2017-10-05T12:27:18","slug":"ausrustung","status":"publish","type":"page","link":"http:\/\/www.kungfu-boxerclub.de\/wordpress\/kung-fu\/ausrustung\/","title":{"rendered":"AUSR\u00dcSTUNG"},"content":{"rendered":"<div class=\"wc-shortcodes-box wc-shortcodes-item wc-shortcodes-content wc-shortcodes-clearfix wc-shortcodes-box-secondary \" style=\"text-align:left;\">\n<h3><span style=\"color: #000080;\">Generell gilt f\u00fcr die ersten Wochen im Training<\/span><\/h3>\n<ul>\n<li>schwarze lange Hose<\/li>\n<li>wei\u00dfes T-Shirt<\/li>\n<li>Schuhe ohne abf\u00e4rbende Sohle<\/li>\n<\/ul>\n<\/div>\n<div class=\"wc-shortcodes-box wc-shortcodes-item wc-shortcodes-content wc-shortcodes-clearfix wc-shortcodes-box-secondary \" style=\"text-align:left;\">\n<h3><span style=\"color: #000080;\">F\u00fcr das regelm\u00e4\u00dfige Training\u00a0wird folgende Kleidung und Ausr\u00fcstung vorausgesetzt:<\/span><\/h3>\n<p><span style=\"color: #000080;\"><strong>Schwarze Kung Fu Hose (lang)<\/strong><\/span><\/p>\n<ul>\n<li><span style=\"color: #000080;\"><a style=\"color: #000080;\" title=\"Variante 1\" href=\"http:\/\/www.dragonsports.eu\/en\/Kung-Fu-Wushu-Pants-Cottonsynthetic-Black-p-11777.html\" target=\"_blank\">Variante 1<\/a><\/span><\/li>\n<li><span style=\"color: #000080;\"><a style=\"color: #000080;\" title=\"Variante 2\" href=\"http:\/\/www.dragonsports.eu\/en\/Kung-Fu-Tai-Chi-Pants-Classical-Black-p-11074.html\" target=\"_blank\">Variante 2<\/a><\/span><\/li>\n<\/ul>\n<p><span style=\"color: #000080;\"><strong>Wei\u00dfes Kung Fu T-Shirt<\/strong><\/span><\/p>\n<ul>\n<li><span style=\"color: #000080;\"><span style=\"color: #000080;\">Zu kaufen\/bestellen bei: Printshop Kopie und Druck Inh. Esmail Eqbal, Weender Landstra\u00dfe 3 (Iduna Zentrum), 37073 G\u00f6ttingen (www.printshop-goe.de)<\/span><\/span><\/li>\n<\/ul>\n<p><span style=\"color: #000080;\"><strong>Wei\u00dfe traditionelle Socken bzw. mindestens elastische B\u00e4nder f\u00fcr die Hose<\/strong><\/span><\/p>\n<ul>\n<li><span style=\"color: #000080;\"><a style=\"color: #000080;\" title=\"Socken mit B\u00e4ndern\" href=\"http:\/\/www.dragonsports.eu\/en\/Shaolin-Wudang-Socks-p-11506.html\">Socken mit B\u00e4ndern<\/a><\/span><\/li>\n<li><span style=\"color: #000080;\">Nur die B\u00e4nder: elastische schwarze breitere Gummib\u00e4nder aus dem N\u00e4hbedarf<\/span><\/li>\n<\/ul>\n<p><span style=\"color: #000080;\"><strong>Kung Fu Schuhe<\/strong><\/span><\/p>\n<ul>\n<li><span style=\"color: #000080;\"><a style=\"color: #000080;\" title=\"Kung Fu Schuhe\" href=\"http:\/\/www.dragonsports.eu\/en\/Shen-Long-Wushu-Shoes-White-p-11878.html\">Kung Fu Schuhe<\/a><\/span><\/li>\n<\/ul>\n<p><span style=\"color: #000080;\"><b>G\u00fcrtel<\/b><\/span><\/p>\n<ul>\n<li><span style=\"color: #000080;\">Erhaltet ihr im Rahmen eurer Pr\u00fcfung<\/span><\/li>\n<\/ul>\n<p><span style=\"color: #000080;\"><span class=\"wc-shortcodes-highlight wc-shortcodes-highlight-yellow \">Bitte tragt regelm\u00e4\u00dfig euren G\u00fcrtel im Training<\/span><\/span><\/p>\n<p><span style=\"color: #000080;\">\u00a0<\/span><\/p>\n<p><span style=\"color: #000080;\"><strong>Optional, insbesondere f\u00fcr Formen-Turniere empfohlen:<\/strong><\/span><\/p>\n<p><span style=\"color: #000080;\"><strong>Traditioneller Anzug<\/strong><\/span><\/p>\n<ul>\n<li><span style=\"color: #000080;\"><a style=\"color: #000080;\" title=\"Tradtioneller Kung Fu Anzug\" href=\"http:\/\/www.dragonsports.eu\/en\/Traditional-Uniform-p-51070.html\">Traditioneller Kung Fu Anzug<\/a><\/span><\/li>\n<\/ul>\n<\/div>\n<div class=\"wc-shortcodes-box wc-shortcodes-item wc-shortcodes-content wc-shortcodes-clearfix wc-shortcodes-box-secondary \" style=\"text-align:left;\">\n<h3>Ausr\u00fcstung f\u00fcr Vollkontakt (Genaue Bezeichnung und Links folgen):<\/h3>\n<p><span style=\"color: #000000;\"><strong>Boxhandschuhe<\/strong><\/span><\/p>\n<ul>\n<li>Windy in 14 Unzen f\u00fcr das Training (Auf Turnieren werden Handschuhe meistens gestellt) zb.\u00a0<a href=\"http:\/\/shop.daniken.at\/Windy-Thai-Boxhandschuhe-Leder\">HIER<\/a><\/li>\n<\/ul>\n<p><span style=\"color: #000000;\"><strong>Schienbeinschoner<\/strong><\/span><\/p>\n<ul>\n<li><span style=\"color: #000000;\">Twins\/Booster zb. <a style=\"color: #000000;\" href=\"http:\/\/www.boxershop24.com\/schutzausrustung\/schienbeinschutzer\/booster-schienbeinschutzer-btsg-3\">HIER<\/a><\/span><\/li>\n<li>Tipps zur Gr\u00f6\u00dfe: Unter 1,60m M, dar\u00fcber mindestens L, ggf. bei jemanden im Training mal probieren<\/li>\n<\/ul>\n<p><span style=\"color: #000000;\"><strong>Zahnschutz\/Mundschutz<\/strong><\/span><\/p>\n<ul>\n<li>Sportgesch\u00e4ft oder Internet\u00a0(ca. 5-10 \u20ac)<\/li>\n<\/ul>\n<p><span style=\"color: #000000;\"><strong>Tiefschutz<\/strong><\/span><\/p>\n<ul>\n<li>Sportgesch\u00e4ft oder Internet<\/li>\n<\/ul>\n<p><span style=\"color: #000000;\"><strong>[Optional] Helm<\/strong><\/span><\/p>\n<p><span style=\"color: #0000ff;\">Falls ihr nicht alles gleichzeitig kaufen wollt\/k\u00f6nnt, dann besorgt zun\u00e4chst Boxhandschuhe und Zahn\/Mundschutz! Diese werden f\u00fcrs erste Sparring ben\u00f6tigt.<\/span><\/p>\n<\/div>\n","protected":false},"excerpt":{"rendered":"<p>Generell gilt f\u00fcr die ersten Wochen im Training schwarze lange Hose wei\u00dfes T-Shirt Schuhe ohne abf\u00e4rbende Sohle F\u00fcr das regelm\u00e4\u00dfige Training\u00a0wird folgende Kleidung und Ausr\u00fcstung vorausgesetzt: Schwarze Kung Fu Hose (lang) Variante 1 Variante 2 Wei\u00dfes Kung Fu T-Shirt Zu kaufen\/bestellen bei: Printshop Kopie und Druck Inh. Esmail Eqbal, Weender [&hellip;]<\/p>\n","protected":false},"author":5,"featured_media":0,"parent":14,"menu_order":11,"comment_status":"closed","ping_status":"closed","template":"template-sidebar-left.php","meta":[],"_links":{"self":[{"href":"http:\/\/www.kungfu-boxerclub.de\/wordpress\/wp-json\/wp\/v2\/pages\/1176"}],"collection":[{"href":"http:\/\/www.kungfu-boxerclub.de\/wordpress\/wp-json\/wp\/v2\/pages"}],"about":[{"href":"http:\/\/www.kungfu-boxerclub.de\/wordpress\/wp-json\/wp\/v2\/types\/page"}],"author":[{"embeddable":true,"href":"http:\/\/www.kungfu-boxerclub.de\/wordpress\/wp-json\/wp\/v2\/users\/5"}],"replies":[{"embeddable":true,"href":"http:\/\/www.kungfu-boxerclub.de\/wordpress\/wp-json\/wp\/v2\/comments?post=1176"}],"version-history":[{"count":59,"href":"http:\/\/www.kungfu-boxerclub.de\/wordpress\/wp-json\/wp\/v2\/pages\/1176\/revisions"}],"predecessor-version":[{"id":1429,"href":"http:\/\/www.kungfu-boxerclub.de\/wordpress\/wp-json\/wp\/v2\/pages\/1176\/revisions\/1429"}],"up":[{"embeddable":true,"href":"http:\/\/www.kungfu-boxerclub.de\/wordpress\/wp-json\/wp\/v2\/pages\/14"}],"wp:attachment":[{"href":"http:\/\/www.kungfu-boxerclub.de\/wordpress\/wp-json\/wp\/v2\/media?parent=1176"}],"curies":[{"name":"wp","href":"https:\/\/api.w.org\/{rel}","templated":true}]}}